{"id":18,"date":"2024-08-21T04:28:39","date_gmt":"2024-08-21T04:28:39","guid":{"rendered":"https:\/\/smatec.vn\/?page_id=18"},"modified":"2024-08-22T02:16:42","modified_gmt":"2024-08-22T02:16:42","slug":"homeon","status":"publish","type":"page","link":"https:\/\/smatec.vn\/index.php\/homeon\/","title":{"rendered":"homeOn"},"content":{"rendered":"\n<p>H\u1ec7 th\u1ed1ng nh\u00e0 th\u00f4ng minh homeOn \u0111\u01b0\u1ee3c x\u00e2y d\u1ef1ng v\u1edbi m\u1ee5c \u0111\u00edch h\u1ed7 tr\u1ee3 v\u00e0 n\u00e2ng cao c\u00f4ng t\u00e1c qu\u1ea3n l\u00fd cho c\u00e1c thi\u1ebft b\u1ecb trong gia \u0111\u00ecnh th\u00f4ng qua vi\u1ec7c \u0111i\u1ec1u khi\u1ec3n v\u00e0 qu\u1ea3n l\u00fd c\u00e1c thi\u1ebft b\u1ecb t\u1eeb xa qua m\u1ea1ng Internet m\u1ed9t c\u00e1ch th\u00f4ng minh. Gi\u00fap \u0111i\u1ec1u khi\u1ec3n v\u00e0 qu\u1ea3n l\u00fd c\u00e1c thi\u1ebft b\u1ecb trong gia \u0111\u00ecnh m\u1ed9t c\u00e1ch \u0111\u1ed3ng b\u1ed9, d\u1ec5 d\u00e0ng, th\u00f4ng minh v\u00e0 chuy\u00ean nghi\u1ec7p, \u0111\u1ed3ng th\u1eddi gi\u00fap khai th\u00e1c t\u1ed1i \u0111a hi\u1ec7u qu\u1ea3 c\u1ee7a c\u00e1c thi\u1ebft b\u1ecb \u0111\u1ec3 n\u00e2ng cao ch\u1ea5t l\u01b0\u1ee3ng cu\u1ed9c s\u1ed1ng c\u1ee7a ng\u01b0\u1eddi d\u00f9ng.<\/p>\n\n\n\n<figure class=\"wp-block-image size-large\"><img loading=\"lazy\" decoding=\"async\" width=\"1024\" height=\"521\" src=\"https:\/\/smatec.vn\/wp-content\/uploads\/2024\/08\/shu4-removebg-1024x521.png\" alt=\"\" class=\"wp-image-75\" srcset=\"https:\/\/smatec.vn\/wp-content\/uploads\/2024\/08\/shu4-removebg-1024x521.png 1024w, https:\/\/smatec.vn\/wp-content\/uploads\/2024\/08\/shu4-removebg-300x153.png 300w, https:\/\/smatec.vn\/wp-content\/uploads\/2024\/08\/shu4-removebg-768x391.png 768w, https:\/\/smatec.vn\/wp-content\/uploads\/2024\/08\/shu4-removebg-1536x781.png 1536w, https:\/\/smatec.vn\/wp-content\/uploads\/2024\/08\/shu4-removebg-2048x1041.png 2048w\" sizes=\"auto, (max-width: 1024px) 100vw, 1024px\" \/><\/figure>\n\n\n\n<p><strong>T\u00ednh n\u0103ng<\/strong><\/p>\n\n\n\n<p>\u2714\ufe0f \u0110i\u1ec1u khi\u1ec3n b\u1eadt, t\u1eaft t\u1eeb xa c\u00e1c thi\u1ebft b\u1ecb \u0111i\u1ec7n (chi\u1ebfu s\u00e1ng, \u0111i\u1ec1u h\u00f2a, b\u00ecnh n\u00f3ng l\u1ea1nh\u2026) <\/p>\n\n\n\n<p>\u2714\ufe0f Cho ph\u00e9p gi\u00e1m s\u00e1t an ninh (bao g\u1ed3m quan s\u00e1t, b\u00e1o \u0111\u1ed9ng, c\u1ea3nh b\u00e1o) ng\u00f4i nh\u00e0 th\u00f4ng qua c\u00e1c c\u1ea3m bi\u1ebfn (ch\u00e1y, kh\u00f3i, gas, \u0111\u1ed9t nh\u1eadp, m\u00f4i tr\u01b0\u1eddng\u2026) <\/p>\n\n\n\n<p>\u2714\ufe0f Cho ph\u00e9p th\u1ed1ng k\u00ea, gi\u00e1m s\u00e1t \u0111i\u1ec7n n\u0103ng ti\u00eau th\u1ee5 th\u00f4ng qua h\u1ec7 th\u1ed1ng c\u00f4ng t\u01a1 \u0111i\u1ec7n t\u1eed<\/p>\n\n\n\n<p>\u2714\ufe0f Cho ph\u00e9p gi\u00e1m s\u00e1t h\u00ecnh \u1ea3nh th\u00f4ng qua h\u1ec7 th\u1ed1ng IP camera, \u0111\u1ea7u ghi NVR\/DVR t\u00edch h\u1ee3p<\/p>\n\n\n\n<p>\u2714\ufe0f Cho ph\u00e9p qu\u1ea3n l\u00fd to\u00e0n b\u1ed9 th\u00f4ng tin, d\u1eef li\u1ec7u h\u1ec7 th\u1ed1ng bao g\u1ed3m c\u1ea3 d\u1eef li\u1ec7u v\u00e0 t\u00e0i kho\u1ea3n ng\u01b0\u1eddi d\u00f9ng<\/p>\n\n\n\n<p>\u2714\ufe0f Cho ph\u00e9p th\u1ed1ng k\u00ea, b\u00e1o c\u00e1o v\u1ec1 t\u00ecnh tr\u1ea1ng s\u1eed d\u1ee5ng \u0111i\u1ec7n, c\u00e1c s\u1ef1 ki\u1ec7n, c\u1ea3nh b\u00e1o d\u01b0\u1edbi d\u1ea1ng bi\u1ec3u \u0111\u1ed3, b\u1ea3ng bi\u1ec3u<\/p>\n\n\n\n<p><strong>L\u1ee3i \u00edch<\/strong><\/p>\n\n\n\n<p>\u2705 <strong><em>An to\u00e0n<\/em><\/strong>: Gi\u1ea3i ph\u00e1p homeOn gi\u00fap theo d\u00f5i v\u00e0 b\u00e1o \u0111\u1ed9ng khi c\u00f3 s\u1ef1 b\u1ea5t th\u01b0\u1eddng nh\u01b0 \u0111\u1ed9t nh\u1eadp, ch\u00e1y kh\u00f3i&#8230; b\u1eb1ng c\u00e1ch g\u1eedi th\u00f4ng tin v\u00e0 \u00e2m thanh c\u1ea3nh b\u00e1o ngay l\u1eadp t\u1ee9c \u0111\u1ebfn \u0111i\u1ec7n tho\u1ea1i <\/p>\n\n\n\n<p>\u2705 <strong><em>Ti\u1ebft ki\u1ec7m<\/em><\/strong>: HomeOn theo d\u00f5i v\u00e0 ki\u1ec3m so\u00e1t vi\u1ec7c s\u1eed d\u1ee5ng n\u0103ng l\u01b0\u1ee3ng \u0111\u1ec3 gi\u1ea3m l\u01b0\u1ee3ng ti\u00eau th\u1ee5 kh\u00f4ng c\u1ea7n thi\u1ebft. Ngo\u00e0i ra h\u1ec7 th\u1ed1ng gi\u00fap ti\u1ebft ki\u1ec7m th\u1eddi gian v\u1eadn h\u00e0nh c\u00e1c thi\u1ebft b\u1ecb \u0111i\u1ec7n trong nh\u00e0<\/p>\n\n\n\n<p>\u2705 <strong><em>Qu\u1ea3n l\u00fd v\u00e0 gi\u00e1m s\u00e1t 24\/7<\/em><\/strong>: H\u1ec7 th\u1ed1ng homeOn gi\u00fap qu\u1ea3n l\u00fd v\u00e0 gi\u00e1m s\u00e1t ng\u00f4i nh\u00e0 24\/7, h\u1ed7 tr\u1ee3 qu\u1ea3n l\u00fd c\u00e1c th\u00f4ng s\u1ed1, ho\u1ea1t \u0111\u1ed9ng quan tr\u1ecdng trong h\u1ed9 gia \u0111\u00ecnh. B\u00ean c\u1ea1nh \u0111\u00f3, homeOn gi\u00fap ki\u1ec3m so\u00e1t thi\u1ebft b\u1ecb trong nh\u00e0 m\u1ecdi l\u00fac, m\u1ecdi n\u01a1i th\u00f4ng qua \u0111i\u1ec7n tho\u1ea1i th\u00f4ng minh ho\u1eb7c m\u00e1y t\u00ednh<\/p>\n\n\n\n<p><strong>L\u0129nh v\u1ef1c \u1ee9ng d\u1ee5ng<\/strong><\/p>\n\n\n\n<p>\u2714\ufe0f Bi\u1ec7t th\u1ef1<\/p>\n\n\n\n<p>\u2714\ufe0f Li\u1ec1n k\u1ec1<\/p>\n\n\n\n<p>\u2714\ufe0f C\u0103n h\u1ed9 chung c\u01b0<\/p>\n\n\n\n<p>\u2714\ufe0f Nh\u00e0 h\u00e0ng, kh\u00e1ch s\u1ea1n, homestay<\/p>\n\n\n\n<p>\u2714\ufe0f V\u0103n ph\u00f2ng<\/p>\n\n\n\n<p>\u2714\ufe0f T\u00f2a nh\u00e0<\/p>\n","protected":false},"excerpt":{"rendered":"<p>H\u1ec7 th\u1ed1ng nh\u00e0 th\u00f4ng minh homeOn \u0111\u01b0\u1ee3c x\u00e2y d\u1ef1ng v\u1edbi m\u1ee5c \u0111\u00edch h\u1ed7 tr\u1ee3 v\u00e0 n\u00e2ng cao c\u00f4ng t\u00e1c qu\u1ea3n l\u00fd cho c\u00e1c thi\u1ebft b\u1ecb trong gia \u0111\u00ecnh th\u00f4ng qua vi\u1ec7c \u0111i\u1ec1u khi\u1ec3n v\u00e0 qu\u1ea3n l\u00fd c\u00e1c thi\u1ebft b\u1ecb t\u1eeb xa qua m\u1ea1ng Internet m\u1ed9t c\u00e1ch th\u00f4ng minh. Gi\u00fap \u0111i\u1ec1u khi\u1ec3n v\u00e0 qu\u1ea3n l\u00fd c\u00e1c [&hellip;]<\/p>\n","protected":false},"author":1,"featured_media":0,"parent":0,"menu_order":0,"comment_status":"closed","ping_status":"closed","template":"page.php","meta":{"footnotes":""},"class_list":["post-18","page","type-page","status-publish","hentry"],"_links":{"self":[{"href":"https:\/\/smatec.vn\/index.php\/wp-json\/wp\/v2\/pages\/18","targetHints":{"allow":["GET"]}}],"collection":[{"href":"https:\/\/smatec.vn\/index.php\/wp-json\/wp\/v2\/pages"}],"about":[{"href":"https:\/\/smatec.vn\/index.php\/wp-json\/wp\/v2\/types\/page"}],"author":[{"embeddable":true,"href":"https:\/\/smatec.vn\/index.php\/wp-json\/wp\/v2\/users\/1"}],"replies":[{"embeddable":true,"href":"https:\/\/smatec.vn\/index.php\/wp-json\/wp\/v2\/comments?post=18"}],"version-history":[{"count":5,"href":"https:\/\/smatec.vn\/index.php\/wp-json\/wp\/v2\/pages\/18\/revisions"}],"predecessor-version":[{"id":76,"href":"https:\/\/smatec.vn\/index.php\/wp-json\/wp\/v2\/pages\/18\/revisions\/76"}],"wp:attachment":[{"href":"https:\/\/smatec.vn\/index.php\/wp-json\/wp\/v2\/media?parent=18"}],"curies":[{"name":"wp","href":"https:\/\/api.w.org\/{rel}","templated":true}]}}